 - 5. Let d(t) = -s(t) + 4*y(t). Suppose b + 11 = 18. What are the prime factors of d(b)?
23
Let l(q) be the second derivative of q**4/12 + 3*q**3 - 9*q**2 + 116*q. What are the prime factors of l(-40)?
2, 431
Suppose 0 = 5*l - 4 - 31. Let s be (0 - -5) + (l - 5). Suppose 2*c = 47 - s. List the prime factors of c.
2, 5
Let c(q) = 19*q**2 - 31*q - 2015. List the prime factors of c(-33).
19699
Let j(x) = 50*x - 156. Let v be j(-10). Let f = v + 1122. What are the prime factors of f?
2, 233
Suppose -a - 1 + 3 = 0. Suppose 3*k - c = -3, 0*k + c = -2*k + 3. Suppose -4*l = -0*r + a*r - 4, 3*l = k. What are the prime factors of r?
2
Let v(y) = 130*y**2 + 181*y + 2754. What are the prime factors of v(-17)?
7, 17, 313
Suppose 0 = 104*m - 101*m + 9, j = 2*m + 1823. List the prime factors of j.
23, 79
Let z = -11975 - -17218. What are the prime factors of z?
7, 107
Suppose -37561 = -3*c - 4*f + 3*f, 2*c + f = 25041. List the prime factors of c.
2, 5, 313
Suppose -3*g - 3*f = -3, -3*g + 4*f = 5 - 15. Suppose -g*w - w - 3 = 0. What are the prime factors of 4*(w + 284/16)?
67
Let o = -4733 + 4783. List the prime factors of o.
2, 5
Let b(o) = -9*o - 18. Let x be b(-8). Let t = -49 + x. What are the prime factors of (t + -3 + -1)*49/1?
7
Let i(g) = 798*g - 26. Let j be i(1). Suppose -2*l - 8 = -3*l + r, 3*r = 4*l - 30. Suppose -74 = -l*v + j. What are the prime factors of v?
3, 47
Let a = -6599 + 9748. List the prime factors of a.
47, 67
Let g = -7738 - -14731. List the prime factors of g.
3, 7, 37
Let x = -66 + 72. Let t be ((-189)/(-105))/(x/10). Suppose t*m - 9*m = -1050. What are the prime factors of m?
5, 7
Let q = 27901 + -9386. What are the prime factors of q?
5, 7, 23
Let y = 10953 - 7659. List the prime factors of y.
2, 3, 61
Let q be (2/(-4))/(9/(-5598)). Let p = 808 - q. What are the prime factors of p?
7, 71
Suppose 5*v + 3*f - 26165 = 0, 2837 = -v + 2*f + 8057. What are the prime factors of v?
2, 5, 523
Let o(x) = 14*x**3 - 25*x**2 + 28*x - 50. List the prime factors of o(10).
2, 3, 5, 17, 23
Let r be 6318/30 + 3/(-5). Let u = 315 - r. List the prime factors of u.
3, 5, 7
Let i be (-28)/14 - (-2 + -243). Let h = i + 176. List the prime factors of h.
419
Let i(t) = -2*t**3 + 18*t**2 - 12*t + 6. Let m = 50 - 23. Let k = m - 20. What are the prime factors of i(k)?
2, 59
Let d(p) = 1269*p**2 - 58*p + 141. What are the prime factors of d(5)?
2, 3947
Suppose 6*a - 3*a = -540. Let u = 98 + -196. Let q = u - a. List the prime factors of q.
2, 41
Let u = -380 - -1357. Let b = u + -460. List the prime factors of b.
11, 47
Let w(l) = 2*l**3 - 13*l**2 + 22*l + 56. Suppose -159 = -4*x - 111. What are the prime factors of w(x)?
2, 7, 17
Let a(h) = h**3 - 11*h**2 + 57*h + 52 - 22*h**2 - 101 + 8*h**2. What are the prime factors of a(24)?
743
Let h(p) = 30*p + 35. Let j(d) = d**2 - 1. Let a be j(-3). What are the prime factors of h(a)?
5, 11
What are the prime factors of (52118/(-66))/(1 + (-10)/9) - 1?
2, 11, 17, 19
Suppose 0 = -4*t - 3*b + 15, -2*t - 4*b + 31 = 11. Suppose 0 = -r - 2 + 7, t = 3*c + 5*r - 2878. What are the prime factors of c?
3, 317
Let u be 18/(-1 + 0 + -1). Let y(b) = 1 - 25 - 8 - 6*b. List the prime factors of y(u).
2, 11
Let t be -1 - ((-27)/(-12))/(2/(-8)). Let y be 1/(4 - 34/t) - -6. What are the prime factors of (y - (-5 + 2)) + 222?
227
Suppose 0 = -11*s + 8*s - 12. Let w be (34/4)/(s/16). Let x = 64 + w. What are the prime factors of x?
2, 3, 5
Suppose 4*u - 36 = 2*u. Suppose 20 = 3*l - 4*k, 0*l + 5*k = 4*l - 25. Let t = u + l. List the prime factors of t.
2, 3
Suppose 3*i = -4*j + 10625, 5*j - 6*i + 8*i - 13290 = 0. Suppose -63*q = -68*q + j. List the prime factors of q.
2, 7, 19
Let a(w) = 2*w**2 - w. Let h be a(3). Suppose 0 = -2*g - 5*o + 15, -20 = -g - 4*o - 11. Suppose -m - x = -h, 2*m - 2 + 0 = g*x. What are the prime factors of m?
11
Let l(k) be the first derivative of -9*k**2/2 + 70*k - 62. List the prime factors of l(-19).
241
Let t(r) = 1053*r**2 + 62*r - 256. List the prime factors of t(4).
2, 5, 421
Let f(s) = s**3 - 71*s**2 - 322*s - 345. List the prime factors of f(79).
5, 11, 439
Let t = -9172 - -14063. What are the prime factors of t?
67, 73
Let o(q) = -3*q - 35. Let r be o(-15). Let x be (5*4/r)/(-1). List the prime factors of (116/(-12) + 1)/(x/9).
3, 13
Suppose 0*h + 65 = 3*v - h, 2*v - h = 44. Let u = -16 + v. Suppose 251 = 2*y + y + 5*b, 4*y = u*b + 393. List the prime factors of y.
2, 23
Let s be ((-5)/(-15))/(1/3)*1. What are the prime factors of (-6)/s + (652 - -61)?
7, 101
Let c(a) = 9*a**3 + 10*a**2 + 20*a - 138. What are the prime factors of c(7)?
3, 1193
Suppose 270510 = 41*z - 11*z. What are the prime factors of z?
71, 127
Let u = -4055 - -33234. List the prime factors of u.
29179
Let k(m) = 57*m**2 - 30*m + 37. What are the prime factors of k(-12)?
5, 1721
Suppose 2*f = -r - 4*r - 113, 0 = 3*r - 4*f + 47. Let j be r/(-7) - (-2 - 0). Suppose -3*h - 2*h = 5*b - 220, 4*b - 173 = -j*h. What are the prime factors of b?
47
Suppose -4*k = 713 - 3653. Suppose -34*a = -31*a - k. List the prime factors of a.
5, 7
Let g = 682 - 672. Suppose 4*m - g*k = -14*k + 4932, -3*m = -2*k - 3674. List the prime factors of m.
2, 307
Suppose 20753 = 14*a - 415039. What are the prime factors of a?
2, 3, 1297
Let q = -18356 + 33447. What are the prime factors of q?
15091
Suppose -14*i + 17*i = 60. Let k be (-4)/(i/135)*-2. Suppose -68*c = -67*c - k. List the prime factors of c.
2, 3
Let u = -87 - -87. Suppose u = 16*b + 9*b - 8675. List the prime factors of b.
347
List the prime factors of ((-36008)/(-35) - -20)/(2/10).
2, 3, 19, 23
Let i be 4/6*-15*3. Let l = i + 36. Suppose 0 = 11*q - l*q - 290. List the prime factors of q.
2, 29
Let v(y) be the second derivative of -20*y**3/3 + 10*y**2 - 69*y. What are the prime factors of v(-6)?
2, 5, 13
Let m be (25/(-20))/((-1)/4). Suppose 2930 = 4*c - m*v, -2*c + 1050 + 420 = -5*v. Suppose i + 4*i = c. What are the prime factors of i?
2, 73
Suppose -2*p = -f - 4*p + 8, -8 = -5*f - 2*p. Suppose -723 = -f*k - 3*k. What are the prime factors of k?
241
Let w = -26168 + 81294. What are the prime factors of w?
2, 43, 641
Let f(m) be the third derivative of -m**6/15 + m**5/15 - m**4/24 - 17*m**3/6 - 24*m**2 - 1. List the prime factors of f(-4).
563
Let b = 11328 + 33106. List the prime factors of b.
2, 13, 1709
Let z(b) = -54*b - 58*b + 162*b + 12*b**2 - 2*b**3 - 53*b. Let r(i) = -2*i - 1. Let y be r(-3). List the prime factors of z(y).
5, 7
Let o = -6253 + 26461. What are the prime factors of o?
2, 3, 421
Let w(g) = 19*g - 36. Let x be w(6). Let q = 562 - x. Suppose -f + q = 3*f. What are the prime factors of f?
11
Let q(r) = 13*r**2 - 12*r - 7. Let u be 2/(-3)*((-75)/(-2))/5. Let v be q(u). Suppose 8*n - 454 - v = 0. List the prime factors of n.
2, 13
Let l be ((-42)/9 - 2/(-3)) + 445. Suppose -5*k + 2*y + l + 649 = 0, -5*k + 1075 = y. What are the prime factors of k?
2, 3
List the prime factors of 9777/9*42/14.
3259
Let k = 10068 - -2865. List the prime factors of k.
3, 479
Let i(p) = -33*p**3 - 37*p**2 - 26*p + 10. List the prime factors of i(-7).
2, 13, 373
Let h be 1/(-2)*19 + (-7)/(-14). List the prime factors of 159*(-1 - 21/h).
2, 53
Let c be (120/16)/(6/4). Suppose -d = -c*m - 191, 3*d - 4*m - 561 = -m. List the prime factors of d.
2, 3, 31
Let i(l) = -171*l + 3959. What are the prime factors of i(-103)?
2, 5393
Suppose -61*o = 894480 - 3911174. List the prime factors of o.
2, 79, 313
Let k be (10/(-6))/((-30)/(-162)*-3). Suppose -3*v + 39*r + 4740 = 42*r, 4*v - k*r = 6313. What are the prime factors of v?
1579
Let a(x) = 75*x**3 - 3*x + 31. List the prime factors of a(3).
23, 89
Suppose 5*n - 353 = -0*p - 4*p, 215 = 3*n + 4*p. Suppose j - n = 4*r, -8*j - r = -7*j - 59. List the prime factors of j.
61
Suppose -40*i + 31*i + 45 = 0. Suppose -4388 = -i*y + u, -5*y + 2*u - 207 = -4593. What are the prime factors of y?
2, 439
Let m = -72 - -69. Let y be m/(-12) - (-92)/16. Suppose -2*n = 2*b - 214, -214 = -2*b + 2*n - y*n. What are the prime factors of b?
107
Let d be (-450)/(-2)*40/(-8). Let h = -11 - d. List the prime factors of h.
2, 557
Let c(n) be the second derivative of -n**3/3 + 35*n**2/2 + 29*n. Let o be c(15). Suppose -159 = -o*a - 5*l + 491, 2 = l. List the prime factors of a